ppose 5*c - 19 = 26. Calculate the remainder when (-2 - -1) + l + 22 is divided by c.
6
Let b = 14 - 12. Suppose b*i = 8 + 34. Suppose -3*c + 80 = -c. Calculate the remainder when c is divided by i.
19
Let k be ((1 - 3) + 3)*-6. What is the remainder when 43 - (-7)/(21/(-6)) is divided by k/(-2) + (15 - 7)?
8
Let z(b) = -b**3 + 3*b**2 + b - 1. Let v be z(3). Let p(x) = 7*x**2 - 2*x. Suppose -4*r + 2*r + 138 = 0. Calculate the remainder when r is divided by p(v).
21
What is the remainder when ((-40469)/143)/((-6)/(-4) + -2) is divided by 27?
26
Let q = 16 + -8. Suppose -3*g + 4 = -q. What is the remainder when 14 is divided by g?
2
Let m be (-260)/(-30) - (-2)/(-3). Suppose 7 + m = -u. Let i(n) = -n - 6. What is the remainder when 33 is divided by i(u)?
6
Suppose 9 = -0*c + 3*c. Suppose -4*x = -5*x - c. Let r(k) = -k**3 - 2*k**2 + 2. Calculate the remainder when 19 is divided by r(x).
8
Let j(f) = -f**2 + 33*f + 96. What is the remainder when 41 is divided by j(35)?
15
Let g(w) = -2*w**3 - 3*w**2 - 3*w - 6. Let a be g(-4). Suppose -5*y - a = -6*y. Let o = y - 42. Calculate the remainder when o is divided by 15.
14
What is the remainder when 2/(-6)*(-8808)/(40/5) is divided by 74?
71
Let p(r) = r**2 + 9*r - 11. Let v be p(-10). Let n be v/2*-1*0. Suppose 5*k - 14 + 4 = n. What is the remainder when 3 is divided by k?
1
Let y = 8 - 34. Let k = y - -46. What is the remainder when 79 is divided by k?
19
Let o(k) be the first derivative of k**4/4 + 11*k**3/3 + 12*k + 3. Let c be o(-11). Suppose -c + 0 = -2*g. Calculate the remainder when 29 is divided by g.
5
Let p be -5 - 6/(4 + -2). Let m = p - -22. What is the remainder when 51 is divided by 1*-21*(-12)/m?
15
Suppose 0*z - 4*z - 5*f = -95, 3*z - 3*f - 51 = 0. Calculate the remainder when 415 is divided by z.
15
Suppose 2*l + 15 = 11, 3*g = -3*l + 51. What is the remainder when 241 is divided by g?
13
Let l = 39 + -26. Suppose l*m - 10 = 11*m. Suppose -5*b + 2*s + 57 = m, -56 = -5*b + s. What is the remainder when 57 is divided by b?
9
Suppose 0*m = 4*m - 216. Let q be ((6/(-15))/(-1))/((-2)/(-10)). Suppose q*h - 78 = -2*h + s, -3*h - 5*s + 47 = 0. What is the remainder when m is divided by h?
16
What is the remainder when (-656)/(-28) + -3 + (-24)/(-42) is divided by 12?
9
Let q(n) = -n**2 + 2*n - 2. Let k be q(1). Calculate the remainder when 84 is divided by k/((-1 - 3)/68).
16
Let f be 1 - (1 + (-11 - -2)). Suppose 3*c - f - 3 = 0. Suppose -3*d + 4*o + 16 = d, -5*d + 3*o = -30. Calculate the remainder when d is divided by c.
1
Suppose 0*z + z - 1 = 0. Let b = z - -1. Suppose 0 = -3*v + 2*g + 51, 2*v + b*g - 7*g = 23. Calculate the remainder when 36 is divided by v.
17
Let v = -99 + 115. What is the remainder when v is divided by 3?
1
Suppose 0*p = -2*p + 12. Suppose 967 + 98 = 41*z - 1. Calculate the remainder when z is divided by (3/p)/(1/28).
12
What is the remainder when 232 is divided by (-22)/(-121) + (-106)/(-22)?
2
Let f = -1158 - -1290. What is the remainder when f is divided by 31?
8
Suppose y - 58 = 13*o - 18*o, -3*o + 30 = -y. What is the remainder when 603 is divided by o?
9
Let l = 49 - 34. What is the remainder when 85 is divided by l?
10
Suppose 0 = 24*f - 0*f - 3624. What is the remainder when f is divided by 37?
3
Let u(l) = l**3 + 29*l**2 + l + 31. What is the remainder when 97 is divided by u(-29)?
1
Let j = 45 + 16. Let c = j - 31. Calculate the remainder when 66 is divided by c/2 + (0 - -2).
15
Suppose 3*m = 4*m - 2. Suppose 3*c + 4*h = 267, -3*h - 2*h - 155 = -m*c. Let i = 23 + -1. What is the remainder when c is divided by i?
19
Suppose -u = -1 - 2. What is the remainder when 11 is divided by 7/2*(-1 + u)?
4
Let c = -95 - -97. Suppose -8 = c*d - 16. What is the remainder when 10 is divided by d?
2
Suppose -4*p + 5*w + 213 = 0, 4*p + w = -4*w + 163. What is the remainder when p is divided by 18?
11
Let z = 11 + 3. Suppose -2*i + z = -26. Suppose -3*k = 5*b - 379, -3*b + 391 = 2*b - 3*k. What is the remainder when b is divided by i?
17
Suppose 0 = -2*m - 5*g - 14, 2*g - 11 = -5*m + g. Let f be 1 - (-4)/(8 - 4). What is the remainder when m is divided by f/10 + 27/15?
1
Calculate the remainder when (20/1)/(118/767) is divided by -2 + (27 - 2) - 1.
20
Let p = 240 - 131. Let w = 907 + -893. What is the remainder when p is divided by w?
11
Let x = 877 - 842. What is the remainder when x is divided by 7?
0
Let z = 335 + -320. What is the remainder when z is divided by 8?
7
Suppose 0 = 2*o - 4, -8 + 166 = 2*i + 2*o. Calculate the remainder when i is divided by (-1 - 2)*(-32)/6.
13
Calculate the remainder when 81 is divided by (76 - 46)*(-1)/(-6).
1
Let v = 19 + 5. Suppose 2*s - s = -2*n + 25, 4*n - 5*s - 57 = 0. What is the remainder when v is divided by n?
11
Let k(r) = 34*r**2 + 5*r + 3. What is the remainder when 140 is divided by k(-1)?
12
Suppose -m - 24 = 5*v, 5*m + 0*v + 72 = -v. Calculate the remainder when 33 is divided by 1*4/14 - 164/m.
9
Let r(t) be the second derivative of t**5/20 + t**4/2 + t**3/3 + 8*t**2 + 12*t. Calculate the remainder when 5 is divided by r(-6).
1
Let j(n) = -n - 4. Let h be j(-7). Suppose 5*x - 4*v = -h*v + 190, -3*v + 76 = 2*x. What is the remainder when x is divided by (2784/(-145) - 8/10)*(-2)/4?
8
Suppose -2*v = w - 33, -v + 0*v + 19 = w. Suppose 195 = -v*m + 9*m. Calculate the remainder when 59 is divided by (m/(-52))/(1/20).
14
Suppose 0 = -3*u - 4*i, -u + 5*i = -0*u. Suppose 2*f - 66 = 3*m, f - 32 = 2*m - u. Calculate the remainder when f is divided by (18/8 - -1)*4.
10
Suppose -i = -4*x - 39 - 49, -4*i = 5*x - 331. Suppose 4*h - 32 = i. Calculate the remainder when 142 is divided by h.
26
Let n = 74 + -20. Let v = n + -43. Calculate the remainder when 96 is divided by v.
8
What is the remainder when 41 is divided by ((-6)/8)/((-30)/(-800)*-5)?
1
Let l(b) = 2*b - 39. Let y be l(0). Let z = -25 - y. Calculate the remainder when z is divided by 3.
2
Suppose -18*m + 1389 = -735. Let o = 155 - m. What is the remainder when o is divided by 20?
17
Let f be 20/8 + (-3)/(-2). Suppose -2*b + 5*h = -b - 114, 3*b = f*h + 353. What is the remainder when b is divided by 30?
29
Let z = -413 - -440. Calculate the remainder when 45 is divided by z.
18
Suppose p - x + 2*x = 0, -4*p = 2*x. Suppose -5*i - 4*d = -158, 3*i + 2*d - 21 - 75 = p. What is the remainder when i is divided by 18?
16
Let r(x) = -x**2 + 9*x + 10. Suppose 6*t = 9*t - 63. Let z = t + -12. What is the remainder when 38 is divided by r(z)?
8
Let h(j) = -j**2 - 19*j - 44. Let o be h(-14). Suppose -i = i - o. What is the remainder when 64 is divided by i?
12
Suppose -52*w + 56*w = r - 199, 5*r - 2*w - 995 = 0. Calculate the remainder when 203 is divided by r.
4
Let x(u) = 7*u**2 + 6*u - 13. Let l be 3/(4/(-8) + 0). Let s be x(l). Suppose -3*v + 262 - 69 = d, -3*v + s = -d. What is the remainder when v is divided by 17?
15
Let t(n) = 5*n**2 - 12*n - 8. What is the remainder when t(-3) is divided by (-3)/((-6)/(-19))*-2?
16
Suppose 5*x = 7*x - 12. Suppose 3*y + 3*d - 108 = 0, 3*d + 97 = 2*y - 0*d. Calculate the remainder when y is divided by x.
5
Let d(k) = -52*k + 436. Calculate the remainder when 37 is divided by d(8).
17
Let v(o) = o**3 + 4*o**2 + 4*o + 3. Let f be v(-2). Suppose -4*s + 67 = 5*t - 300, -3*s - f*t = -276. Calculate the remainder when s is divided by 16.
13
Let p = -6 + 19. Suppose -15*r + 4 = -p*r. Calculate the remainder when 25 is divided by (-340)/(-25) + r/5.
11
Let y = 142 - 72. Suppose 5*v + 2 = d + 13, -d - v + 7 = 0. Suppose 3*q - 50 = d. What is the remainder when y is divided by q?
16
Suppose -3*i - i + 8 = 0. Calculate the remainder when i/8 + 1630/40 is divided by 21.
20
Suppose 4*w - 4*j - 4 = 0, -71 = -4*w - 5*j - 31. What is the remainder when 132 is divided by w?
2
Suppose 5*g - q + 1 = 0, 2*g - q = 2*q + 10. Let y be (-1 - g)/(2/(-2)). Suppose -4*p + 78 + 186 = y. What is the remainder when p is divided by 17?
15
Let a = 97 + -80. Suppose l + 3*k - 24 = k, 32 = l - 2*k. Suppose 0 = 4*w + 8 - 0, -3*o - w + l = 0. Calculate the remainder when a is divided by o.
7
Let s = -216 + 246. Calculate the remainder when 178 is divided by s.
28
Suppose -2*s + 89 + 25 = 4*l, 0 = 3*l + s - 84. Calculate the remainder when 242 is divided by l.
26
Suppose 0 = -v - 5*